n?
9
Let w = -9 - -11. Suppose -w*y - 8 = -o, -2*y - y = 4*o - 54. Calculate the greatest common factor of o and 36.
12
Suppose -k - 5*s + 0 = 12, 3*s - 4 = -2*k. Let m = 4 + 20. What is the greatest common divisor of k and m?
8
Let s = -2 - 1. Let w = -4 + 16. Let n = s + w. Calculate the highest common divisor of n and 6.
3
Let z(g) = -3*g - 6. Let c be z(-12). Let r = -6 - -12. What is the greatest common factor of c and r?
6
Suppose 3*x + 5*v - 103 = 0, 5*v + 1 = 11. Let f = x - -82. Let n = f + -65. What is the highest common factor of n and 12?
12
Let t = 56 - 40. Let h(n) = 2*n**2 - n - 1. Let f be h(-1). Suppose -f*r = -i - t, -65 = -4*r - i - 21. What is the highest common factor of 70 and r?
10
Let r(l) = -l**3 - 12*l**2 - 2*l - 15. Let q be r(-12). Calculate the greatest common divisor of 3 and q.
3
Suppose -3*b + 4*h - 8 = -0*b, -2*b = -2*h + 2. Let p be (-2)/(b/(-30)) + 1. What is the highest common factor of p and 24?
8
Suppose -30 = -3*a + 2*d, -4*a + 3*d - 5*d + 26 = 0. What is the greatest common divisor of a and 20?
4
Let c(z) = -27*z - 1. Suppose -5*a = 3*n - 21, 0 = -4*n + a + 5. Suppose 2 = -4*o + n*o. Let k be c(o). Calculate the highest common divisor of 13 and k.
13
Suppose -2*n - 3*n - 1175 = 0. Let b = n - -367. What is the greatest common divisor of 12 and b?
12
Suppose -24 = -2*u + 160. Suppose 69 = 3*i - 3*t, -t - u + 21 = -3*i. Let z = -24 + 36. What is the highest common divisor of z and i?
12
Let m(x) = -x**3 - 4*x**2 + x + 13. Let a be m(-3). What is the highest common factor of 5 and a?
1
Let u = 48 - 22. What is the greatest common factor of 104 and u?
26
Let t be 124/6 + (-4)/6. What is the highest common factor of t and 10?
10
Let p(c) = c**3 + 3*c**2 + 4. Let l be p(-4). Let z(h) = -2*h + 18. Let m be z(l). Let s = 33 + -12. Calculate the highest common factor of m and s.
21
Let d(o) = 2 + o**2 - 2 + 5*o. Let v be d(-6). Suppose 2*a - v = 2*z, -4*a + 3*z + 12 = -0*a. What is the greatest common divisor of 2 and a?
1
Suppose -2*w = -4*w + 12. Suppose -h - 30 = -6*h. What is the highest common divisor of h and w?
6
Suppose -3*g - s = -14 + 1, 13 = g - 4*s. Suppose -4*u + b = -62, 0*u - 2*u = 2*b - 26. Calculate the highest common factor of u and g.
5
Suppose 3*q - 10 - 2 = 0. Suppose -q*l + 3*l = -15. Let n = 33 + -3. What is the highest common factor of n and l?
15
Let n be -4 + 4 - -7 - -48. Let f be (-33)/2*(-4)/3. What is the greatest common divisor of n and f?
11
Let u(y) be the first derivative of 29*y**2 + 8*y - 1. Let w be u(6). Let j be 8/36 + w/18. Calculate the greatest common factor of j and 100.
20
Suppose 0*o = 3*o - 3. Let i be (-9)/3 - -219*o. What is the highest common divisor of i and 24?
24
Suppose -a = -5*k - 5*a, -a = k + 1. Suppose -2*d - 90 = -k*d. What is the greatest common divisor of d and 30?
15
Let y(w) = -w**3 + 11*w**2 - w - 14. Let g be y(10). Let o be (-57)/(-6)*(1 + 1). What is the highest common divisor of o and g?
19
Suppose 2*n = -4*u - u + 53, 5*n - 3*u - 210 = 0. Suppose -70 = -5*c - h, -2*h - 3 = c - 2*c. Calculate the greatest common factor of c and n.
13
Let n be 308/20 - 4/10. What is the greatest common factor of 15 and n?
15
Let l be (4/(-6))/((2/63)/(-2)). Calculate the greatest common factor of l and 70.
14
Suppose 13*g = 11*g + 40. Suppose 38 = z + 2*s, 0*s - 3*s - 97 = -2*z. Let w = z - 14. What is the highest common factor of w and g?
10
Suppose 2*f - 24 = -f. Suppose -3*p - 5*l = -4*l - 4, f = -4*l. Suppose p*k + 3*k = 30. Calculate the highest common divisor of 12 and k.
6
Let a be 8 + 0 - (0 - 1). Let r = 13 + -6. Let o = r - -2. What is the highest common divisor of o and a?
9
Let g be 4/12 + 89/3. Let u be 30*(-3)/g*-4. What is the highest common divisor of 24 and u?
12
Let o = -9 + 18. Let z be (-4)/(-3*(-3)/o). Let u be ((-15)/z)/((-1)/(-4)). Calculate the greatest common divisor of 5 and u.
5
Let k be (-3)/(-6)*(-18)/(-1). What is the greatest common factor of 144 and k?
9
Let l = -30 - 23. Let z = -28 - l. Calculate the greatest common factor of 5 and z.
5
Let q be 1/3*(19 + -4). Suppose q*j + 3 = 68. Let z(t) = 17*t - 3. Let u be z(4). Calculate the greatest common divisor of u and j.
13
Suppose -2*o + 0*o = -6. Let x = o - -13. What is the highest common divisor of 4 and x?
4
Suppose 6 = -2*b - 10*i + 5*i, b - 5*i - 12 = 0. Suppose b*r - 22 = 22. Calculate the greatest common factor of 55 and r.
11
Suppose -5*s + 184 = 3*s. Calculate the highest common factor of 23 and s.
23
Let c(o) = 3*o + 1. Let q be c(2). Let b = 17 - q. What is the greatest common factor of b and 40?
10
Let q be (-3)/18 - (-2888)/48. Let v be 16/(-1 - 5/(-3)). Calculate the greatest common factor of v and q.
12
Let p(n) = n + 201. Let d be p(0). Let a = d + -116. What is the greatest common factor of 17 and a?
17
Suppose 0 = -3*k - 4*u - 10, -3*u = u + 16. Suppose -4*g + 6 = k. What is the greatest common divisor of 11 and g?
1
Let k = 15 + -13. Suppose 0 = -k*f + 7 + 13. Calculate the greatest common divisor of 2 and f.
2
Suppose 0 = 5*y - 46 - 224. Calculate the greatest common factor of 36 and y.
18
Let a = 84 + -75. Let m be (360/2)/2*1. Calculate the greatest common factor of a and m.
9
Suppose 2*i + 5*o = 25, 2*i - o = 6*i - 5. Let h be 2 + (i - (0 - 11)). Let y = 2 + h. Calculate the greatest common factor of 60 and y.
15
Suppose 0 = -3*c + 11*w - 6*w + 145, 4*w + 188 = 4*c. Let q = 5 - 7. Let m be (5/2)/((-1)/q). Calculate the greatest common divisor of c and m.
5
Let r be ((-10)/(-35))/(1/14). Suppose o - 11 = 3*y, -r*o + 5*o - 7 = 5*y. Let l be 1/(-3) + (-256)/(-3). Calculate the highest common divisor of l and o.
17
Suppose -104 - 808 = -8*b. What is the greatest common divisor of b and 76?
38
Let k = -156 + 255. Let z = k - 36. Let f = 27 + -18. What is the highest common divisor of f and z?
9
Let x = 12 + -17. Let q(j) = -j**3 - 5*j**2 - 5*j - 4. Let z be q(x). Calculate the highest common divisor of 21 and z.
21
Suppose 5*b = 20, 4*d - b + 16 = 3*b. Suppose d = -2*v + 34 - 12. Let l = 70 + -15. Calculate the greatest common factor of l and v.
11
Let f be (38 - -1)/(-5 + (-46)/(-8)). What is the highest common factor of 572 and f?
52
Let b be (-9 + 30)*4*1/6. Let d = 15 + -11. Let l = 18 - d. Calculate the greatest common factor of l and b.
14
Suppose 4*g + 2*i - 52 = 0, 0 = 3*g + 3*i - i - 38. Let k = -45 - -78. Let p be (1 - 0) + (k - -1). Calculate the highest common factor of p and g.
7
Let x be (-2)/2 - (-17 + 14). Calculate the highest common divisor of x and 8.
2
Let a be ((-8)/(-10))/(4/30). Calculate the greatest common factor of 18 and a.
6
Let k be (-7 - -3 - -7) + 0 - -22. Let b be (1/(-2))/((-2)/500). Calculate the highest common divisor of b and k.
25
Let x = -3 - -5. Calculate the highest common divisor of x and 22.
2
Let c(h) = h**2 + 8*h + 9. Let z be c(-7). Let j(r) = -21*r - 1. Let m be j(-2). Let u = m + -23. Calculate the greatest common factor of u and z.
2
Let a(z) = -3*z - 11. Let b be a(-9). Suppose 4*f - 5*t - 26 - 15 = 0, -f + 5*t = -29. Calculate the highest common factor of f and b.
4
Suppose 2*m - 37 = -3. Suppose 2*u - m = -1. What is the highest common divisor of 56 and u?
8
Let c be ((-42)/(21/(-3)))/((-1)/(-3)). Let t = 75 - -105. What is the greatest common factor of c and t?
18
Let y be (1/2)/((-2)/(-384)). Calculate the highest common divisor of 12 and y.
12
Suppose 2*w + 14 = u, -4*u + 44 = -u - 5*w. Suppose 4*m + 6*n - 2*n = 168, -5*n = -3*m + 150. What is the highest common factor of m and u?
9
Let l(n) = 21*n**2 - 1. Let w be l(-1). Suppose w = 4*i - 4*a, 4*i - 20 - 4 = 2*a. What is the greatest common factor of 14 and i?
7
Let n(c) = -2*c + 42. Let h be n(0). Calculate the greatest common divisor of h and 14.
14
Let c = 4 + -6. Let h be c/(264/(-130) - -2). Calculate the greatest common divisor of h and 26.
13
Let s = 26 - -4. Calculate the greatest common factor of 15 and s.
15
Let f(t) = 4*t**2 + 27*t + 24. Let c be f(-9). Let b be (-20)/(-6)*9/2. Calculate the greatest common divisor of b and c.
15
Let o = -205 - -365. Calculate the highest common factor of 20 and o.
20
Suppose 10 = a - 11. Let n be -1 + 3/(9/a). Let f(o) = -o**3 + 8*o**2 - 5*o + 6. Let v be f(n). Calculate the highest common divisor of v and 16.
16